t is 11450502 - -26?
11450531
In base 4, what is 20303020 - 12333?
20230021
In base 2, what is -10000111010101 - -1110011111101?
-10011011000
In base 11, what is -2a71285 + a1?
-2a71194
In base 9, what is -3635106 + 6?
-3635100
In base 13, what is -445547 + -16a?
-4456b4
In base 7, what is -25502645462 - 2?
-25502645464
In base 8, what is 6234 - 141?
6073
In base 3, what is -11 - -2011221201102000?
2011221201101212
In base 12, what is 3636611 - 4?
3636609
In base 8, what is 20014 + -40722?
-20706
In base 11, what is 3 + -478a1402?
-478a13aa
In base 4, what is -2333122 + 32020?
-2301102
In base 6, what is -3 + 114344103?
114344100
In base 13, what is 4 - -938a7cb?
938a802
In base 13, what is 11410 - -1513a?
2654a
In base 16, what is 49e3 - b89?
3e5a
In base 16, what is -1 + -6cfd17c?
-6cfd17d
In base 8, what is -43644335 - -2?
-43644333
In base 16, what is 0 + -7109ce?
-7109ce
In base 5, what is -10014224 + 1001?
-10013223
In base 2, what is -100001111000001110001010111 - 11?
-100001111000001110001011010
In base 9, what is -1861248 - -252?
-1860886
In base 15, what is 1859d416 - 3?
1859d413
In base 6, what is -3110054310 + -2?
-3110054312
In base 14, what is -5409 + -190c0?
-204c9
In base 4, what is -33112211001 - 132?
-33112211133
In base 7, what is 105 - 103152312?
-103152204
In base 9, what is 2 - -68542243?
68542245
In base 9, what is -36 - -177220?
177173
In base 12, what is -57920 - 509?
-58229
In base 14, what is 336d499 - 2?
336d497
In base 5, what is 31 - -44130104?
44130140
In base 15, what is -4968 + 157?
-4811
In base 4, what is -1220002211203 - 10?
-1220002211213
In base 13, what is 133535 - 13b?
1333c7
In base 14, what is -3 + -380c7dd?
-380c802
In base 15, what is -14 - -4088eb6?
4088ea2
In base 4, what is 13132002303 + 10?
13132002313
In base 9, what is -4 + 273571?
273566
In base 9, what is -4 - 5871325?
-5871330
In base 15, what is 52 - 59b3?
-5961
In base 4, what is 11 - -11031112322012?
11031112322023
In base 10, what is -12 - 116758?
-116770
In base 7, what is 135026104 - 4?
135026100
In base 5, what is 1110333231 - -4103?
1110342334
In base 12, what is 4 + -32ab25?
-32ab21
In base 10, what is -362502 + -126?
-362628
In base 5, what is -13210 + 11101403?
11033143
In base 13, what is -24a - 13b5?
-1632
In base 12, what is 0 - 38499098?
-38499098
In base 4, what is 213011021302 + -100?
213011021202
In base 8, what is 252355 + 12?
252367
In base 6, what is 305014302 + 0?
305014302
In base 12, what is 683 - 11887?
-11204
In base 10, what is 2103899 + -1?
2103898
In base 16, what is -ca20dfa + 4?
-ca20df6
In base 13, what is -26 + -738b7b1?
-738b807
In base 14, what is -10b - -737a?
726d
In base 3, what is 2202000 - 12021021211?
-12011112211
In base 2, what is 11 - 1011110000000100010?
-1011110000000011111
In base 8, what is 73042 - -22574?
115636
In base 10, what is -210746 - 1051?
-211797
In base 3, what is 1112101022020211 + 1122?
1112101022022110
In base 14, what is 8 + 387797d?
3877987
In base 7, what is -1030031030 - 3?
-1030031033
In base 12, what is 7 - -1911608?
1911613
In base 11, what is a58370 - 7?
a58364
In base 7, what is -3305 - -11054?
4446
In base 7, what is -4240 - 253010?
-260250
In base 7, what is 11504 + -3032244?
-3020440
In base 15, what is 0 + 60c41?
60c41
In base 7, what is 26304413 - -35?
26304451
In base 14, what is 168d - -4605?
5c94
In base 15, what is -79e9cb2 - 3?
-79e9cb5
In base 6, what is 3 - -23510502332?
23510502335
In base 5, what is -33 + 31222300304?
31222300221
In base 11, what is -a78 + 26812?
25845
In base 3, what is 1000122212222 - 1201?
1000122211021
In base 7, what is 5145231 + -262?
5144636
In base 11, what is 0 + 71392745?
71392745
In base 3, what is -10 + 20012010211?
20012010201
In base 4, what is -101223121020103 - 10?
-101223121020113
In base 5, what is 301 - -24313100?
24313401
In base 11, what is -238 + -14a0?
-1728
In base 5, what is 224 - -442041341?
442042120
In base 15, what is 3 + -1453e7a?
-1453e77
In base 5, what is -142 + 2010234?
2010042
In base 3, what is 121201221012210 - -2?
121201221012212
In base 6, what is 40204330 + -331?
40203555
In base 12, what is 1 + 3b60907?
3b60908
In base 6, what is -1 - -342320?
342315
In base 12, what is -2 + ba34a94?
ba34a92
In base 8, what is -35751175 + 3?
-35751172
In base 4, what is -201312113310 - -2?
-201312113302
In base 4, what is 3313111 - -233?
3320010
In base 15, what is -49 + bbbee?
bbba5
In base 6, what is -52324 + 21305?
-31015
In base 8, what is 356463 + -271?
356172
In base 3, what is -22 + 1212202210002?
1212202202210
In base 2, what is 11000000101000 + -100011111001?
10011100101111
In base 13, what is 16 - 2117297?
-2117281
In base 16, what is -3 + 40461b?
404618
In base 11, what is 1788438 + -29?
178840a
In base 11, what is 60733 + 3a?
60772
In base 12, what is -1160 - 2167?
-3307
In base 14, what is 4 + 99a418?
99a41c
In base 7, what is 1514423 - 133?
1514260
In base 2, what is 110101001 - 1110110111010011100?
-1110110110011110011
In base 16, what is -17 + e4220?
e4209
In base 14, what is -2364b8 - -11a?
-23639c
In base 8, what is 1 + 375360?
375361
In base 9, what is 112378 - 7?
112371
In base 15, what is -a837 + -28?
-a860
In base 2, what is -11010101100110001001010 + -11?
-11010101100110001001101
In base 9, what is -1 - -17512286?
17512285
In base 15, what is -44c09d82 + -3?
-44c09d85
In base 16, what is -45 - -34084?
3403f
In base 16, what is -1 + 159e340?
159e33f
In base 7, what is -665 + 116261?
115263
In base 12, what is 4 - -1824123?
1824127
In base 13, what is 179 - -149b6?
14b62
In base 12, what is -4 - 568b36?
-568b3a
In base 9, what is -17762 - -842?
-16820
In base 4, what is -111 + -30120203?
-30120320
In base 15, what is -9 - 5b9bb3?
-5b9bbc
In base 16, what is 10 + 31c52b?
31c53b
In base 4, what is -1322310 - 10202?
-1333112
In base 14, what is -15 + -34db9?
-34dd0
In base 7, what is -3335366005 + -2?
-3335366010
In base 4, what is -2220 - -222012?
213132
In base 5, what is -2031311313 + -1?
-2031311314
In base 5, what is -10032140232 - 11?
-10032140243
In base 8, what is -2714 - -2424?
-270
In base 11, what is -514aa594 - 3?
-514aa597
In base 6, what is -2113450343 + 45?
-2113450254
In base 8, what is -243 - 623?
-1066
In base 9, what is -33081823 - 2?
-33081825
In base 6, what is -13 + -5555210144?
-5555210201
In base 10, what is -516597 + -68?
-516665
In base 16, what is 711c10 - 26?
711bea
In base 2, what is 1111100 - -1110110111110011001010?
1110110111110101000110
In base 16, what is d9604 + -1e7?
d941d
In base 2, what is 101 - -1101010000100110?
1101010000101011
In base 15, what is 1e29c - -7b?
1e328
In base 15, what is 162e7449 - 2?
162e7447
In base 16, what is 34 + -15727?
-156f3
In base 2, what is -100 + 1001000101011011001101?
1001000101011011001001
In base 2, what is -1000000000001 - -100100100111?
-11011011010
In base 10, what is 34937 - 11997?
22940
In base 13, what is -16 - -b92179?
b92163
In base 4, what is -22131 + 1132301?
1110110
In base 8, what is -3626332 - 257?
-3626611
In base 3, what is -1120010111011 + 2?
-1120010111002
In base 16, what is -a - -2a400eb?
2a400e1
In base 14, what is -49 - 574c4?
-5752d
In base 2, what is -10011111010011001001000100010 - -1?
-10011111010011001001000100001
In base 13, what is -469 - 579a7?
-58143
In base 11, what is -10173 - -93?
-10090
In base 15, what is 0 + -2c997d?
-2c997d
In base 14, what is 191 - -9d83?
a134
In base 11, what is -220936 + 32?
-220904
In base 2, what is 10111000001110000 - 110010110?
10110111011011010
In base 10, what is -394960 + 6?
-394954
In base 4, what is -230201 + -13132?
-303333
In base 9, what is -1815 - 14806?
-16722
In base 16, what is -298 + -b30?
-dc8
In base 8, what is -576675 - -133?
-576542
In base 2, what is -11100100 - 1001010000011000111111?
-1001010000011100100011
In base 16, what is -9 + 4c21f7f?
4c21f76
In base 6, what is 41 - -10155515?
10200000
In base 15, what is 2ade3c8 - 3?
2ade3c5
In base 2, what is 1001101100010 + -10011100110?
111001111100
In base 12, what is 230777 - -1?
230778
In base 5, what is -2233242013 - -2?
-2233242011
In base 12, what is -23a - 25760?
-2599a
In base 9, what is -400 - -16565?
16165
In base 6, what is 31245 + 25345?
101034
In base 9, what is -48 - 3731033?
-3731082
In 